rime factors of 23996.
2, 7, 857
List the prime factors of 32181.
3, 17, 631
List the prime factors of 16.
2
List the prime factors of 4214.
2, 7, 43
List the prime factors of 64.
2
What are the prime factors of 1075?
5, 43
List the prime factors of 1442.
2, 7, 103
List the prime factors of 2503.
2503
List the prime factors of 1504.
2, 47
List the prime factors of 16309.
47, 347
List the prime factors of 5892.
2, 3, 491
What are the prime factors of 3799?
29, 131
List the prime factors of 92700.
2, 3, 5, 103
List the prime factors of 735.
3, 5, 7
List the prime factors of 25643.
25643
What are the prime factors of 4548?
2, 3, 379
What are the prime factors of 5225?
5, 11, 19
What are the prime factors of 9662?
2, 4831
List the prime factors of 20714.
2, 10357
List the prime factors of 1942.
2, 971
What are the prime factors of 743?
743
What are the prime factors of 900?
2, 3, 5
What are the prime factors of 21449?
89, 241
What are the prime factors of 1349?
19, 71
What are the prime factors of 23927?
71, 337
List the prime factors of 3172.
2, 13, 61
List the prime factors of 8594.
2, 4297
What are the prime factors of 6082?
2, 3041
List the prime factors of 3314.
2, 1657
List the prime factors of 18874.
2, 9437
What are the prime factors of 25553?
11, 23, 101
What are the prime factors of 594?
2, 3, 11
List the prime factors of 3775.
5, 151
List the prime factors of 716.
2, 179
List the prime factors of 1284.
2, 3, 107
List the prime factors of 1426.
2, 23, 31
List the prime factors of 2119.
13, 163
List the prime factors of 9331.
7, 31, 43
List the prime factors of 42916.
2, 10729
What are the prime factors of 6251?
7, 19, 47
List the prime factors of 4325.
5, 173
List the prime factors of 3028.
2, 757
What are the prime factors of 13109?
13109
What are the prime factors of 707?
7, 101
What are the prime factors of 41530?
2, 5, 4153
List the prime factors of 2933.
7, 419
What are the prime factors of 39258?
2, 3, 727
What are the prime factors of 69593?
69593
What are the prime factors of 305?
5, 61
What are the prime factors of 131?
131
What are the prime factors of 51063?
3, 17021
What are the prime factors of 2546?
2, 19, 67
List the prime factors of 3687.
3, 1229
What are the prime factors of 25159?
139, 181
List the prime factors of 1826.
2, 11, 83
What are the prime factors of 30820?
2, 5, 23, 67
List the prime factors of 6151.
6151
List the prime factors of 1697.
1697
List the prime factors of 16139.
16139
What are the prime factors of 7495?
5, 1499
What are the prime factors of 15196?
2, 29, 131
List the prime factors of 144313.
13, 17, 653
List the prime factors of 1009.
1009
What are the prime factors of 3573?
3, 397
List the prime factors of 7362.
2, 3, 409
What are the prime factors of 345?
3, 5, 23
What are the prime factors of 524?
2, 131
List the prime factors of 256.
2
List the prime factors of 1068.
2, 3, 89
List the prime factors of 1329.
3, 443
What are the prime factors of 5813?
5813
What are the prime factors of 10706?
2, 53, 101
List the prime factors of 36210.
2, 3, 5, 17, 71
What are the prime factors of 126?
2, 3, 7
List the prime factors of 2083.
2083
List the prime factors of 65540.
2, 5, 29, 113
What are the prime factors of 3072?
2, 3
List the prime factors of 19535.
5, 3907
List the prime factors of 168993.
3, 11, 569
What are the prime factors of 368?
2, 23
What are the prime factors of 15151?
109, 139
List the prime factors of 551.
19, 29
What are the prime factors of 12257?
7, 17, 103
List the prime factors of 6150.
2, 3, 5, 41
What are the prime factors of 9412?
2, 13, 181
List the prime factors of 154.
2, 7, 11
List the prime factors of 7095.
3, 5, 11, 43
List the prime factors of 2590.
2, 5, 7, 37
What are the prime factors of 8509?
67, 127
List the prime factors of 7348.
2, 11, 167
List the prime factors of 611.
13, 47
What are the prime factors of 247?
13, 19
What are the prime factors of 24564?
2, 3, 23, 89
What are the prime factors of 1979?
1979
What are the prime factors of 572?
2, 11, 13
List the prime factors of 751.
751
List the prime factors of 24860.
2, 5, 11, 113
List the prime factors of 43267.
7, 883
What are the prime factors of 2417?
2417
List the prime factors of 12400.
2, 5, 31
What are the prime factors of 10958?
2, 5479
What are the prime factors of 1746?
2, 3, 97
What are the prime factors of 860?
2, 5, 43
What are the prime factors of 896?
2, 7
What are the prime factors of 5699?
41, 139
What are the prime factors of 2223?
3, 13, 19
List the prime factors of 5260.
2, 5, 263
What are the prime factors of 1187?
1187
List the prime factors of 1373.
1373
What are the prime factors of 9491?
9491
What are the prime factors of 31764?
2, 3, 2647
What are the prime factors of 20754?
2, 3, 1153
List the prime factors of 13995.
3, 5, 311
List the prime factors of 969.
3, 17, 19
What are the prime factors of 6546?
2, 3, 1091
What are the prime factors of 50476?
2, 12619
List the prime factors of 133028.
2, 7, 4751
List the prime factors of 2756.
2, 13, 53
List the prime factors of 117973.
117973
What are the prime factors of 47198?
2, 23599
List the prime factors of 24612.
2, 3, 7, 293
What are the prime factors of 5604?
2, 3, 467
What are the prime factors of 30832?
2, 41, 47
What are the prime factors of 20685?
3, 5, 7, 197
List the prime factors of 350.
2, 5, 7
What are the prime factors of 788?
2, 197
List the prime factors of 94722.
2, 3, 15787
List the prime factors of 61237.
11, 19, 293
What are the prime factors of 33818?
2, 37, 457
List the prime factors of 6767.
67, 101
What are the prime factors of 163?
163
What are the prime factors of 26719?
7, 11, 347
List the prime factors of 5524.
2, 1381
What are the prime factors of 17982?
2, 3, 37
List the prime factors of 10018.
2, 5009
List the prime factors of 28733.
59, 487
What are the prime factors of 6126?
2, 3, 1021
List the prime factors of 62851.
62851
List the prime factors of 1109.
1109
List the prime factors of 44958.
2, 3, 59, 127
What are the prime factors of 7786?
2, 17, 229
List the prime factors of 2007.
3, 223
List the prime factors of 3344.
2, 11, 19
List the prime factors of 27305.
5, 43, 127
What are the prime factors of 7195?
5, 1439
List the prime factors of 12934.
2, 29, 223
List the prime factors of 2038.
2, 1019
What are the prime factors of 16468?
2, 23, 179
What are the prime factors of 51104?
2, 1597
What are the prime factors of 183?
3, 61
List the prime factors of 2353.
13, 181
What are the prime factors of 628?
2, 157
List the prime factors of 1208.
2, 151
What are the prime factors of 1414?
2, 7, 101
List the prime factors of 9134.
2, 4567
List the prime factors of 44027.
44027
List the prime factors of 1017.
3, 113
What are the prime factors of 13974?
2, 3, 17, 137
List the prime factors of 382.
2, 191
List the prime factors of 373.
373
What are the prime factors of 34627?
31, 1117
List the prime factors of 102906.
2, 3, 5717
List the prime factors of 2039.
2039
What are the prime factors of 4621?
4621
List the prime factors of 608.
2, 19
What are the prime factors of 10041?
3, 3347
What are the prime factors of 511?
7, 73
List the prime factors of 25724.
2, 59, 109
List the prime factors of 4676.
2, 7, 167
What are the prime factors of 27011?
27011
List the prime factors of 1420.
2, 5, 71
What are the prime factors of 452?
2, 113
What are the prime factors of 14384?
2, 29, 31
List the prime factors of 1849.
43
What are the prime factors of 462?
2, 3, 7, 11
List the prime factors of 51622.
2, 53, 487
List the prime factors of 131598.
2, 3, 2437
List the prime factors of 1245.
3, 5, 83
List the prime factors of 170446.
2, 85223
What are the prime factors of 6140?
2, 5, 307
What are the prime factors of 4040?
2, 5, 101
List the prime factors of 1527.
3, 509
What are the prime factors of 16?
2
What are the prime factors of 948?
2, 3, 79
List the prime factors of 8163.
3, 907
What are the prime factors of 14488?
2, 1811
List the prime factors of 10679.
59, 181
List the prime factors of 20209.
7, 2887
What are the prime factors of 7194?
2, 3, 11, 109
What are the prime factors of 77085?
3, 5, 571
What are the prime factors of 105712?
2, 6607
What are the prime factors of 44605?
5, 11, 811
List the prime factors